n base 11?
3
1 (base 3) to base 9
1
What is 3 (base 16) in base 14?
3
Convert -1011 (base 5) to base 14.
-95
What is -12 (base 5) in base 7?
-10
Convert 6 (base 8) to base 11.
6
Convert 10d (base 14) to base 2.
11010001
-231 (base 8) to base 9
-180
Convert 8 (base 15) to base 6.
12
What is -7 (base 15) in base 14?
-7
-2 (base 12) to base 13
-2
-10 (base 14) to base 4
-32
201 (base 5) to base 16
33
423 (base 6) to base 3
12220
Convert -30 (base 8) to base 15.
-19
9 (base 15) to base 3
100
-11 (base 3) to base 6
-4
-49 (base 16) to base 11
-67
-22 (base 5) to base 15
-c
What is -3 (base 6) in base 4?
-3
What is 1 (base 10) in base 9?
1
What is -4 (base 16) in base 5?
-4
Convert 138 (base 16) to base 9.
376
Convert 2 (base 3) to base 7.
2
Convert -1 (base 9) to base 2.
-1
Convert 100110 (base 2) to base 14.
2a
What is -137 (base 8) in base 9?
-115
-11010 (base 2) to base 11
-24
What is 12 (base 5) in base 3?
21
What is -312 (base 4) in base 14?
-3c
6 (base 13) to base 5
11
121 (base 3) to base 4
100
What is c2 (base 15) in base 4?
2312
What is -1 (base 3) in base 7?
-1
Convert -2 (base 9) to base 13.
-2
10 (base 12) to base 7
15
What is e (base 15) in base 10?
14
-30 (base 4) to base 3
-110
-4 (base 5) to base 14
-4
-c (base 15) to base 6
-20
What is -10 (base 13) in base 11?
-12
What is -100 (base 2) in base 6?
-4
What is 52 (base 11) in base 12?
49
-29 (base 14) to base 11
-34
What is -233 (base 4) in base 10?
-47
What is -2 (base 14) in base 4?
-2
-11 (base 14) to base 15
-10
0 (base 4) to base 9
0
Convert 0 (base 16) to base 5.
0
Convert -11 (base 6) to base 9.
-7
Convert 20 (base 15) to base 16.
1e
Convert -4e (base 16) to base 4.
-1032
What is -7 (base 16) in base 15?
-7
20 (base 11) to base 14
18
8 (base 10) to base 3
22
What is -dd (base 14) in base 10?
-195
Convert 10011 (base 2) to base 7.
25
What is 8 (base 12) in base 6?
12
Convert -25 (base 13) to base 5.
-111
What is 1 (base 13) in base 8?
1
What is 5 (base 12) in base 15?
5
Convert -1c6 (base 13) to base 6.
-1311
Convert 33 (base 5) to base 2.
10010
Convert 2 (base 8) to base 4.
2
What is 89 (base 13) in base 2?
1110001
10 (base 8) to base 12
8
Convert -2 (base 9) to base 16.
-2
What is -70 (base 10) in base 9?
-77
Convert -1 (base 11) to base 5.
-1
Convert 4 (base 14) to base 3.
11
What is -1110001 (base 2) in base 13?
-89
What is -2 (base 16) in base 2?
-10
What is -101 (base 6) in base 13?
-2b
7 (base 15) to base 6
11
Convert -3 (base 5) to base 11.
-3
Convert 35 (base 6) to base 8.
27
-4 (base 7) to base 4
-10
65 (base 15) to base 16
5f
Convert 10 (base 3) to base 13.
3
-102 (base 13) to base 10
-171
What is 320 (base 6) in base 10?
120
What is -26 (base 7) in base 10?
-20
What is 12 (base 10) in base 2?
1100
Convert 2 (base 11) to base 12.
2
What is -a5 (base 13) in base 10?
-135
Convert 3 (base 9) to base 13.
3
-17 (base 15) to base 3
-211
Convert -42 (base 14) to base 7.
-112
9 (base 14) to base 2
1001
cb (base 14) to base 6
455
101 (base 14) to base 3
21022
Convert 18 (base 15) to base 10.
23
220 (base 8) to base 9
170
-1 (base 15) to base 10
-1
Convert -7 (base 15) to base 7.
-10
Convert -4 (base 9) to base 11.
-4
Convert 1a (base 11) to base 12.
19
225 (base 6) to base 7
155
2 (base 7) to base 5
2
What is 5 (base 13) in base 7?
5
Convert -4 (base 10) to base 14.
-4
Convert -26 (base 10) to base 6.
-42
What is -10 (base 13) in base 3?
-111
What is 218 (base 9) in base 8?
263
6 (base 7) to base 14
6
Convert 5 (base 6) to base 13.
5
Convert 77 (base 10) to base 11.
70
Convert 1c (base 16) to base 15.
1d
Convert -85 (base 10) to base 3.
-10011
55 (base 7) to base 5
130
What is -3000 (base 5) in base 14?
-1cb
-1110 (base 2) to base 10
-14
What is 53 (base 9) in base 3?
1210
Convert 6 (base 8) to base 12.
6
What is -9 (base 16) in base 7?
-12
What is 5 (base 6) in base 11?
5
-3 (base 9) to base 12
-3
Convert d (base 16) to base 12.
11
30 (base 8) to base 7
33
6a (base 16) to base 5
411
Convert ed (base 16) to base 12.
179
What is -10011011 (base 2) in base 6?
-415
-1000 (base 2) to base 10
-8
0 (base 10) to base 8
0
46 (base 12) to base 3
2000
What is -b (base 13) in base 6?
-15
-3 (base 6) to base 9
-3
What is -4 (base 7) in base 8?
-4
5 (base 13) to base 12
5
Convert -3 (base 12) to base 3.
-10
Convert 1 (base 8) to base 12.
1
Convert 10 (base 2) to base 12.
2
-12 (base 6) to base 8
-10
What is 4 (base 14) in base 5?
4
Convert 16 (base 7) to base 4.
31
What is -4 (base 16) in base 13?
-4
What is 222 (base 5) in base 9?
68
13 (base 7) to base 2
1010
Convert 13 (base 9) to base 8.
14
What is 36 (base 8) in base 6?
50
What is 3 (base 8) in base 6?
3
Convert -1 (base 2) to base 5.
-1
What is 2 (base 14) in base 11?
2
Convert -1010 (base 2) to base 14.
-a
Convert 10 (base 11) to base 12.
b
-34 (base 10) to base 12
-2a
-4 (base 8) to base 11
-4
What is -11 (base 13) in base 16?
-e
-1021 (base 4) to base 3
-2201
Convert -12 (base 11) to base 16.
-d
What is -1 (base 10) in base 14?
-1
Convert 11 (base 6) to base 4.
13
1c (base 14) to base 9
28
What is -6 (base 11) in base 6?
-10
Convert 20 (base 4) to base 9.
8
What is -2 (base 3) in base 9?
-2
1 (base 2) to base 6
1
21 (base 5) to base 11
10
Convert -24 (base 16) to base 9.
-40
What is 5 (base 10) in base 3?
12
Convert 3 (base 8) to base 13.
3
Convert -46 (base 9) to base 7.
-60
What is -11000000 (base 2) in base 10?
-192
-110000 (base 2) to base 6
-120
Convert 10000111 (base 2) to base 6.
343
What is 200 (base 3) in base 4?
102
Convert 33 (base 14) to base 2.
101101
1b (base 15) to base 8
32
Convert 1001111 (base 2) to base 12.
67
Convert 113 (base 4) to base 3.
212
What is -b7 (base 16) in base 15?
-c3
What is 6 (base 13) in base 4?
12
9 (base 13) to base 12
9
What is -41 (base 6) in base 5?
-100
What is -28 (base 10) in base 13?
-22
14 (base 16) to base 8
24
What is 1 (base 10) in base 2?
1
What is 54 (base 7) in base 3?
1110
Convert -1 (base 3) to base 9.
-1
What is 11 (base 13) in base 5?
24
What is 0 (base 15) in base 7?
0
Convert 39 (base 15) to base 13.
42
Convert 1d (base 14) to base 7.
36
-47 (base 16) to base 15
-4b
-1 (base 13) to base 14
-1
What is 2 (base 11) in base 8?
2
Convert 3 (base 15) to base 10.
3
What is -24 (base 13) in base 16?
-1e
What is -2 (base 14) in base 7?
-2
Convert -2a (base 13) to base 3.
-1100
-1 (base 2) to base 4
-1
What is -9b (base 12) in base 6?
-315
Convert 2 (base 11) to base 7.
2
What is -13 (base 5) in base 8?
-10
What is 0 (base 15) in base 8?
0
-341 (base 7) to base 12
-128
1 (base 9) to base 3
1
What is -292 (base 11) in base 8?
-527
2 (base 14) to base 12
2
What is -6a (base 15) in base 8?
-144
Convert 4 (base 9) to base 10.
4
What is -1 (base 4) in base 7?
-1
What is -2 (base 13) in base 7?
-2
What is 1 (base 12) in base 16?
1
-9 (base 10) to base 4
-21
-2 (base 12) to base 2
-10
What is -68 (base 14) in base 7?
-161
Convert 23 (base 11) to base 14.
1b
Convert -14 (base 15) to base 10.
-19
What is -1100 (base 2) in base 14?
-c
What is 5 (base 8) in base 12?
5
Convert -11c (base 13) to base 4.
-3002
Convert 39 (base 12) to base 5.
140
What is -101 (base 9) in base 16?
-52
What is -11021 (base 3) in base 16?
-73
-13 (base 16) to base 11
-18
150 (base 15) to base 12
210
What is -23 (base 10) in base 5?
-43
Convert -217 (base 9) to base 15.
-bd
-48 (base 14) to base 16
-40
Convert -2 (base 11) to base 14.
-2
What is 314 (base 5) in base 15?
59
-21 (base 5) to base 11
-10
What is -80 (base 15) in base 13?
-93
-102 (base 7) to base 2
-110011
1132 (base 4) to base 14
6a
Convert a (base 14) to base 8.
12
What is 3d (base 16) in base 5?
221
-34 (base 14) to base 11
-42
-20 (base 11) to base 16
-16
-3 (base 11) to base 12
-3
What is -4 (base 9) in base 7?
-4
What is 3 (base 13) in base 6?
3
Convert 10 (base 14) to base 7.
20
Convert 3 (base 14) to base 2.
11
Convert -10 (base 11) to base 7.
-14
Convert -4 (base 15) to base 7.
-4
Convert -23 (base 8) to base 6.
-31
1033 (base 6) to base 4
3231
Convert 0 (base 9) to base 12.
0
-15 (base 11) to base 5
-31
-9 (base 12) to base 11
-9
-9 (base 11) to base 5
-14
-103 (base 5) to base 6
-44
Convert -7 (base 12) to base 4.
-13
What is -205 (base 6) in base 12?
-65
What is -477 (base 8) in base 13?
-1b7
1 (base 11) to base 15
1
Convert 14 (base 13)